4 + 206, -2*s + 975 = -m. What is the remainder when s is divided by 41?
39
Let a be (-30)/25*(-10)/6. Let j be (0 - 15) + 7 + -10. Calculate the remainder when 26 is divided by (-5*5/75)/(a/j).
2
Suppose -3*z + 11*s + 1644 = 9*s, 15 = 5*s. Calculate the remainder when z is divided by 49.
11
Suppose 0 = -53*u + 55*u + 42. Let y be 6/u + 96/(-7). Let j(f) = -f**3 - 16*f**2 - 30*f - 20. What is the remainder when j(y) is divided by 5?
3
Let a(s) = s**3 + 60*s**2 - 58*s + 604. Calculate the remainder when a(-61) is divided by 75.
46
Let y be (18 + 12)*(-8)/3. Let r = y - -93. Suppose x = -r*x + 2310. What is the remainder when x is divided by 42?
39
Let u(q) = -247*q - 7. Let k be u(16). Let j be k/(-3) + 1/9*3. Suppose -11*y = -26*y + j. Calculate the remainder when y is divided by 9.
7
Let o(d) = 4*d + 4. Let m be o(0). Let y be (2 + (-2 - -2))/(m/32). Let u = y + 23. Calculate the remainder when 115 is divided by u.
37
Suppose 5*g = -h - 24, -615*g = 3*h - 616*g - 40. What is the remainder when 23142 is divided by h?
9
Suppose -4*m + 60*d + 1586 = 58*d, 0 = d - 3. What is the remainder when m is divided by 119?
41
Let m(w) = -w**2 + 12*w + 65. Let g be m(-4). Calculate the remainder when 0 - 711/(-12) - g/4 is divided by 15.
14
Suppose -z - 2*r = 2*r + 1, -7 = -2*z + r. Suppose z*s = -6, 114 = v + v + 5*s. Let b = v - -29. What is the remainder when b is divided by 47?
44
Let n(z) = -15*z + 1923. What is the remainder when n(55) is divided by 41?
32
Suppose -92*o = -17*o - 192975. What is the remainder when o is divided by 99?
98
Let l(q) = 30*q + 593. Calculate the remainder when 142 is divided by l(-19).
4
Let j = 21444 + -19563. What is the remainder when j is divided by 133?
19
Suppose -28*o + 29*o - 14 = 0. Suppose -11 - 213 = -o*w. Calculate the remainder when 52/(-130) - 387/(-5) is divided by w.
13
Let s(h) = -h**2 + 63*h + 6. Calculate the remainder when 8 is divided by s(63).
2
Let t(l) = -497*l - 6708. Calculate the remainder when t(-15) is divided by 334.
79
Let a be (-4)/6*60/(-8). Suppose 3*x = a*n - 26, -4*x = 2*n - 2*x - 4. What is the remainder when (-1044)/(-45) + (42/5)/(-7) is divided by n?
2
Let m(j) = j**2 - 67*j + 1049. What is the remainder when 6434 is divided by m(24)?
8
Let p = 1718 - -681. Calculate the remainder when p is divided by 100.
99
Let j(p) = -8*p - 83. Let a be j(-11). Suppose a*g - 1719 - 361 = 0. What is the remainder when g is divided by 70?
66
Suppose -2*y = -118*v + 113*v + 413, 2*y = 3*v - 251. What is the remainder when 728 is divided by v?
80
Let d(c) = -2*c**2 - 33*c - 4. Let f be d(-16). Let s be 15*1*4/f. Suppose -v = -5, 8*v = s*n + 3*v - 65. What is the remainder when 35 is divided by n?
17
What is the remainder when 1882 is divided by 120 + (2 - 143/13)?
106
Let b(d) = -d**3 + 12*d**2 - 21*d + 7. Let x = 27 + -17. Let r be b(x). Let i(n) = -n**3 - 5*n**2 - 7*n. What is the remainder when 34 is divided by i(r)?
1
Calculate the remainder when 1419 is divided by (-1)/((-3)/(-2)) - (-197872)/996.
33
Let p be 5 + -686 - (1 - 2). Suppose 0 = -b, -5*c + 94 = b + 19. Calculate the remainder when (p/50)/((-4)/30) is divided by c.
12
Calculate the remainder when 105 is divided by (3 - 6)/((3 - 0)/(-30)).
15
Let b = -2061 - -2139. What is the remainder when 698 is divided by b?
74
Suppose 0 = -298*x - 156*x + 13277 - 3743. Calculate the remainder when 1007 is divided by x.
20
Let x = -189 + 162. Let u(h) = -h**3 - 26*h**2 + 14*h + 33. What is the remainder when u(x) is divided by 9?
6
Suppose u + 7*u = 40. Let f(i) = 278*i**2 + 2 - u - 3*i - 289*i**2 - 3*i**3. Calculate the remainder when 71 is divided by f(-4).
21
Let j be (6/4)/(2/20). Calculate the remainder when (188 + -2)*(-14)/(-28) is divided by 1*j + (-14 - -15).
13
Calculate the remainder when 202 is divided by 10/(-85) - (78400/(-68))/8.
58
Calculate the remainder when (-9)/(((-18)/(-9) - 5)/271) is divided by 163.
161
Let i = 6446 - 6245. Calculate the remainder when i is divided by 65.
6
Let z = -575 + 611. Let f(y) = 3*y**2 - 107*y - 17. Suppose -7*j + 145 = -2*j + 2*d, -3*d = -4*j + 139. What is the remainder when j is divided by f(z)?
12
Let h(n) = -23*n**3 - 19*n + 10*n**3 - 30 + 13*n**2 + 14*n**3. Calculate the remainder when h(-14) is divided by 9.
4
Suppose 5 = -105*a + 104*a. Calculate the remainder when 54 is divided by ((-4)/3)/((-916)/180 - a).
9
Let q = -80 + 84. Suppose w - 2*d - 74 = 0, -d = -q*w + 93 + 238. What is the remainder when w is divided by 21?
0
Suppose 5*a = 4*a + 25. What is the remainder when (2/(-2))/(1179/(-585) - -2) is divided by a?
15
Suppose 0 = 33*l - 610 + 412 - 561. Calculate the remainder when 281 is divided by l.
5
Let f(g) = 97 + 12*g + 76 + 6 + 11. Calculate the remainder when 53 is divided by f(-14).
9
Suppose 175*d - 6049 = -449. What is the remainder when d is divided by 1/((-6)/7 + 1)?
4
Suppose 22041 = -309*y + 166*y + 174*y. What is the remainder when y is divided by 7?
4
Let p(x) = 6*x**3 - 29*x**2 + 4*x + 1. Let s be p(4). Let z = s - -71. Let n = -23 + 70. Calculate the remainder when n is divided by z.
7
Suppose -17 = -v - 5. Suppose x - 5 = -4. Calculate the remainder when v is divided by (7 - 2) + x + 2.
4
Suppose -1 = -3*k + 8. Suppose -2*i + 605 = k*i. Calculate the remainder when i is divided by ((-45)/(-315) - 71/7) + 72.
59
Let p be (-446)/(-4)*(11 - 13). Let b = p + 229. Calculate the remainder when 88 is divided by b.
4
Let v(l) = 7095*l + 71259. Calculate the remainder when v(-10) is divided by (-3 - -2) + 1*9.
5
Let w(g) = -2*g**3 - g**2 - 10*g - 20. Let p(j) = -5*j**3 - 19*j - 41. Let b(r) = 3*p(r) - 7*w(r). Calculate the remainder when 109 is divided by b(8).
52
Suppose 14451 + 4260 = 27*i. Let l = i + -688. What is the remainder when 14 is divided by l?
4
Suppose -176 = -w - 26. Suppose -21*r + w = -15*r. What is the remainder when r is divided by 16?
9
Let y = 5793 - 5672. What is the remainder when 340 is divided by y?
98
Suppose 0*j + 5*n + 205 = 5*j, 0 = 2*j + 4*n - 88. Suppose -402 = -18*s - j. Calculate the remainder when 28 is divided by s.
8
Suppose -359*c + 213*c + 15330 = 0. Calculate the remainder when 742 is divided by c.
7
Let m(g) be the third derivative of -g**6/120 + g**5/30 + g**3/3 - 15*g**2. Let r be m(0). Calculate the remainder when 24 is divided by 20/r + -10 + 7.
3
Suppose 4*s + 132 = 4*w, 6*w - 3*w + 3*s = 63. What is the remainder when 8198 is divided by w?
17
Let y(j) = 119*j - 223*j - 5 + 103*j. What is the remainder when y(-22) is divided by 7?
3
Suppose 71 = 2*w + u, w = -3*w - 5*u + 145. Let j be 8/(-28) + (-662)/(-14). Let o = -38 + j. What is the remainder when w is divided by o?
8
Let a = -24117 - -24683. What is the remainder when a is divided by 136?
22
Let j be (72/(-42))/((-4)/(-182)). What is the remainder when 111 is divided by ((-58)/(-3))/((-52)/j)?
24
Suppose -4*o = 8, -3*n + o + 4418 = 6*o. Suppose 0 = 8*y - n - 1924. Calculate the remainder when y is divided by 6.
5
Let a(c) = -16*c - 471. Let z = 1 + 84. What is the remainder when z is divided by a(-30)?
4
Let p(w) = -w**2 + 16*w - 6. Let k = 47 - 36. Let f be p(k). Let s = f + -47. Calculate the remainder when 3 is divided by s.
1
Suppose 4*z = 127 - 43. Suppose 6*h - 128 = 2*h. Suppose 0 = -5*l - 28*u + h*u + 523, 0 = 2*l + 4*u - 198. What is the remainder when l is divided by z?
19
Suppose -2*m = -h + 13 - 0, m - 5*h + 11 = 0. Calculate the remainder when 35 is divided by 35/(-7)*(m/5)/1.
5
What is the remainder when 4/(-22*12/(-163218)) is divided by 411?
7
Let d = -3854 + 3968. Calculate the remainder when 132 is divided by d.
18
Suppose 5*a - 12*n - 111 = -9*n, -5*n + 74 = 4*a. Suppose -a*u + 141 = -111. What is the remainder when 51 is divided by u?
3
Suppose 0 = -29*f + 31*f - 492. Suppose 7*k - 2*k = u + f, -2*k - 5*u + 93 = 0. Calculate the remainder when k is divided by 17.
15
Let f(g) = -133*g + 1401. Calculate the remainder when f(3) is divided by 2.
0
Suppose 13*q = 30*q - 425. Let k(d) = -d**2 + 29*d - 89. Calculate the remainder when 81 is divided by k(q).
4
Let v(u) = u**2 + u + 102. Calculate the remainder when 1222 is divided by v(0).
100
Let j(f) = f**3 + 4*f**2 - 4*f + 6. Let q be j(-5). Let b be (q - -1) + (-6)/(-6). What is the remainder when 141 is divid